 2*x - d*h, 2*x - 93 - 247 = 5*h. Let s = x - 89. What is the units digit of s?
1
Suppose -3*q + 4 = -20. Suppose -4*u + q = -8*u. What is the units digit of u - (-89 + (-3 - -3))?
7
Let l(b) = 2*b**2 - 24*b + 17. Let j = 14 + -22. Let y be j/(-2) + (2 - -7). What is the tens digit of l(y)?
4
Suppose c = 2*d + 14, 0*c + 28 = 2*c - 2*d. Suppose c*a = 36*a - 40876. What is the hundreds digit of a?
8
Suppose -3*y - 2*g + 23564 = 5815, g - 2 = 0. What is the thousands digit of y?
5
Let l be 0 + -4 + (-472)/(4 + 0). Let o = l + 208. What is the tens digit of o?
8
Let d = 17 - 14. Let c be (-5 + 3)*-27 - d. Let h = c - 22. What is the units digit of h?
9
Let i be (-9 + 1 - -3) + 2083. Suppose 2*o = 3*s - i, -4*s + 6*o + 2767 = 7*o. What is the units digit of s?
2
Suppose -649 = -4*m + 87. Suppose 0 = -4*x + 4*n - 36 + 372, -2*x - 2*n = -m. Suppose 0 = -11*v + 15*v - x. What is the units digit of v?
2
Let g = -593 + 587. What is the units digit of (-1 - -196)*(0 - g)?
0
Let r = 18694 - 11751. What is the units digit of r?
3
Suppose w = -389 + 397, 0 = 2*k + 5*w - 6416. What is the hundreds digit of k?
1
Let i = 1913 + 4720. What is the hundreds digit of i?
6
Suppose 0 = 48*b - 65*b + 157278 + 178778. What is the thousands digit of b?
9
Suppose 58*u - 412942 = 502549 + 3162663. What is the units digit of u?
3
Let h(k) = 3*k**3 - 5*k**2 - k + 3. Let p be h(2). Suppose 0*n + 2*f = p*n - 67, -4*f + 22 = 2*n. Suppose -n*c + 167 = -496. What is the units digit of c?
1
Suppose 0 = 6*c - 11*c. Suppose -h + 38 + 178 = c. Suppose h = 16*r - 13*r. What is the units digit of r?
2
Suppose 5*s = 8*s - 3*k - 3450, 2*s = -3*k + 2290. Let l = s - 678. What is the hundreds digit of l?
4
Let m = 4744 - -17343. What is the hundreds digit of m?
0
Suppose o + 1 = k + 3, o = -5. Let h(u) = 9*u + 66. Let j be h(k). Suppose -j*q - 179 = -2*a, -3*q + 2*q + 296 = 3*a. What is the tens digit of a?
9
Suppose -1112 - 5974 = -3*p - 3*l, 4*p + l = 9445. What is the tens digit of p?
6
Suppose 0 = 6*z + 196 - 382. What is the tens digit of (-1 - 1) + 0 + z?
2
Suppose -2*t - 20*j + 65490 = -23*j, -32772 = -t - 3*j. What is the tens digit of t?
5
Let m be 0/((-3)/(-6)*-6). Suppose m = 4*p + 4*t + 361 - 1097, -5*t = 0. Suppose 5*y + p = 4*w, 0*y = -5*w - y + 201. What is the tens digit of w?
4
Suppose -69*h + 74*h + 25 = 0, 0 = 3*x + 4*h - 52900. What is the thousands digit of x?
7
Let r be -33 + 4/2 + 5. Let t be r/(-6) + 3 + 20/(-6). Suppose 451 - 1355 = -t*i. What is the units digit of i?
6
Suppose 19*h = 46*h - 108. Suppose 0 = h*i + 2*z - 4082 - 2530, -5*i - z = -8259. What is the units digit of i?
1
Let p = -200 - -341. Let v(b) = 2*b**2 + b - 10. Let n be v(-9). Suppose -4*z + p = -n. What is the units digit of z?
1
Suppose 3*i - p - 16267 = 0, -p + 1861 = -i + 7284. What is the tens digit of i?
2
Suppose -5*d + 55248 = 3*n, 66299 = 6*d + 15*n - 10*n. What is the hundreds digit of d?
0
Suppose -5*k + 1699 = -4*d, 3*k - 1698 = -2*k + 3*d. What is the units digit of k?
9
Let p(x) = -1346*x - 2377. What is the thousands digit of p(-6)?
5
Let t = 4359 - 3208. What is the tens digit of t?
5
Let c(l) be the second derivative of 6*l**5/5 - 3*l**4/4 - 2*l**3/3 + 3*l**2 - 233*l. What is the thousands digit of c(4)?
1
Let z be ((-10)/18*3 - -3)*3. Let c be 57/15 - z - 3/(-15). Suppose 4*h + 22 - 74 = c. What is the units digit of h?
3
Let d(k) = k**3 - 65*k**2 + 50*k + 3149. What is the thousands digit of d(67)?
5
Let h be (56/(-532) + (-30)/76)*878. Let d = h - -655. What is the hundreds digit of d?
2
Suppose i - 2*w = 3, -3 - 1 = -w. Suppose -i*j + 18 = -15. Suppose -q - 5*s - 67 = -2*q, 3*q = j*s + 201. What is the tens digit of q?
6
Suppose 199*t - 1092 = 206*t. What is the hundreds digit of ((-7214)/(-12) - -1) + 26/t?
6
Let m = -527 + 522. Let r(b) = 11*b**2 + 7*b - 26. What is the hundreds digit of r(m)?
2
Let b = -8 + 19. Suppose -4139 = b*m - 12961. What is the tens digit of m?
0
Let n = -20371 + 53619. What is the thousands digit of n?
3
Suppose -65*m - 137*m + 1386 = 29*m. Let q(p) = 12*p**2 - 17*p + 14. Let a(b) = 11*b**2 - 17*b + 14. Let r(w) = 4*a(w) - 3*q(w). What is the tens digit of r(m)?
0
What is the ten thousands digit of 90/(-30) - 549/18*-1546?
4
Let l be 16/6 + (7 - (-161)/(-21)). Suppose 642 = -5*j + l*a, -3*j + 7*a = 4*a + 378. Let c = 237 + j. What is the units digit of c?
7
Let p = -4060 - -10889. What is the hundreds digit of p?
8
Let y(c) = -5*c - 81. Suppose 2*v + 35 - 3 = b, 2*v - 3*b + 24 = 0. Let j be y(v). What is the units digit of (3/j)/(1/(-27)*-1)?
9
Let l = -14 - -14. Suppose -4*j + 20 = -b, l*j = -5*j + 5. What is the units digit of 94*1*4/b*-2?
7
Let n(u) = -u**3 + 17*u**2 + 20*u + 15. Suppose -21 = -2*j + 15. Let z be n(j). Let h = z - 42. What is the units digit of h?
9
Let g = 11177 + -4184. Suppose 32*i = 11*i + g. What is the units digit of i?
3
Suppose -c + 5*g + 54169 = 0, 0 = c - 2*g - 60489 + 6311. What is the thousands digit of c?
4
Let g = 0 + 12. Suppose 0*b + 6*b - g = 0. Suppose -5*m + b*f = -421, 29 = -3*m + f + 282. What is the tens digit of m?
8
Suppose 41332 = 16*b - 123628. What is the hundreds digit of b?
3
Suppose 0 = -90*a + 87*a + 8025. What is the units digit of a?
5
What is the tens digit of 12208 - -1 - (-53 - -38)?
2
Let v = -388 - -388. Suppose -4 = 2*x - 10, v = -2*o + x + 3359. What is the hundreds digit of o?
6
Let z = 2931 - 1906. What is the tens digit of z/10*12/15?
8
Let x(a) = 1028*a + 689. What is the units digit of x(3)?
3
Let v(b) = 237*b**3 + 10*b**2 - 20*b + 1. What is the units digit of v(4)?
9
Let l be ((-1)/(-4))/(-1 - (-980)/976). Suppose -4*r = v - 0*v + 32, 0 = 2*r + 6. Let i = v + l. What is the tens digit of i?
4
Suppose -4*t - y + 5 = -24, 2*t - 3*y - 25 = 0. Suppose t*q = 15*q - 602. What is the units digit of q?
6
Suppose -32*v + 42*v = 140. Suppose -4*d - 320 = -v*d. What is the units digit of d?
2
Let q = -11617 - -32339. What is the ten thousands digit of q?
2
Suppose 15*h - 86 = 64. Let y(v) = -v**2 + 12*v - 14. Let f be y(h). Suppose f*c - 28 = 14. What is the units digit of c?
7
Let g = -81 + 83. Let n be 1/g - 2955/(-6). Suppose -3*x - 44 = -3*l + 346, n = 4*l + 5*x. What is the hundreds digit of l?
1
Let b = -62 - -74. What is the hundreds digit of (b/10)/((-4)/(-1580))?
4
Suppose -y - 4 = -2*t, 60*y - 59*y - 20 = -4*t. Suppose -3*g = w - 2824, 0 = 4*g - t*w - w - 3759. What is the hundreds digit of g?
9
What is the tens digit of 975/((-26)/((-21970)/39))?
2
Suppose -5*j + 2*x - 3*x = -18, j + 2*x = 0. Suppose 0 = -j*u + 1827 + 261. What is the tens digit of u?
2
Let t = -589 + 599. Suppose 4*z - 17682 = -t*z. What is the hundreds digit of z?
2
Let n = -4820 + 4810. Let z(a) = 70*a**3 - 2*a**2 - 5*a - 3. Let u be z(-3). What is the hundreds digit of (u/40)/(2/n)?
2
Let i = 119 - 555. Let f = 1245 + i. What is the units digit of f?
9
Suppose -5*m + 6 = -4. Suppose 192 = m*t - 912. What is the tens digit of t?
5
Let c(x) = 87*x - 1. Let g(m) = m**2 - m + 1. Let p = 3 + -2. Let u be g(p). What is the units digit of c(u)?
6
Let z(s) = -531*s - 598. What is the units digit of z(-34)?
6
Suppose k - 3*c - 9703 = -515, -2*c = k - 9173. What is the tens digit of k?
7
Let l(q) = -10*q - 58. Let s be l(-6). Suppose s*u = x - 279, u - 533 = -2*x - 0*u. What is the tens digit of x?
6
Let l = 103 + -1117. Let y = l + 1449. Suppose 5*p + y = -2*c + 6*c, -4*p = 12. What is the hundreds digit of c?
1
Let v(z) = -38*z + 81. Let u be (-348)/42 + (-2)/(-7). What is the units digit of v(u)?
5
Let r(t) = t**2 - 4. Let z be r(-9). Let a = 85 - z. Let u = a - -148. What is the units digit of u?
6
What is the units digit of 10692/5 - 8/(-5)?
0
Let n be -5*((-2 - -2) + -1). Let f = 737 - 516. Suppose -2*w + 3*o - 6*o = -f, -w = -n*o - 104. What is the hundreds digit of w?
1
Suppose 278*u - 361127 = 262*u + 100153. What is the tens digit of u?
3
Let g be 16/(-40) - 51/(-15). Suppose -4*h + 2*h = -3*c + 532, -c - g*h = -192. What is the tens digit of c?
8
Let h(x) = 4029*x**3 - 11*x**2 + 7*x + 7. What is the thousands digit of h(2)?
2
What is the ten thousands digit of 2 + (3 - -21291) - (-33 - -33) - 1?
2
Let g(j) = 8*j - 2. Let t be g(6). Let i(y) = -y**3 - 24*y**2 - 5*y - 60. Let v be i(-24). Suppose v = q - t